 5*r + 3998 = -527. Is g a prime number?
True
Let b = -39 + 13. Let m = b - -26. Suppose 0*y = -3*y + 9, -3*p - 3*y + 75 = m. Is p prime?
False
Let r(m) = -m**2 - 10*m - 7. Let f be r(-9). Suppose -2*z = 4*l, -f*l + 4*l = -3*z - 8. Is l*-6*(-87)/12 prime?
False
Suppose 6*h = h + 15. Suppose h*u - 60 - 1110 = 5*g, -1583 = -4*u - g. Is u composite?
True
Suppose 5 = 4*p + 17. Is (-1310)/(-3) + (-1)/p composite?
True
Suppose 4*t + 4*a - 1606 = 2*t, 5*t = -4*a + 3997. Is t composite?
False
Is (-6 + (-174952)/(-1))/2 a composite number?
False
Suppose -4*b = -17 + 5. Suppose -179 - 12 = -5*v - b*k, -5*v + k = -183. Is v a composite number?
False
Let z = 370 - -1423. Is z a composite number?
True
Let j(d) = -d + 11. Let f be j(-5). Suppose -4*b - f = -q + 12, -q - 4*b - 12 = 0. Is 2/(0 - q/(-628)) a composite number?
False
Suppose z - 4*w - 9490 = 2721, 3*z - 5*w = 36619. Is z prime?
True
Let s be 4*(18/(-6))/12. Let i(t) be the second derivative of 14*t**4 + t**3/6 + t. Is i(s) composite?
False
Let l be (2 - (-14)/(-4))*-2. Suppose 0 = d + 5*w - 142, l*d - w - 2*w = 516. Is d composite?
False
Let a be (412/3 + -1)*(-11 + 20). Suppose a = 4*c - g, -7*c - 2*g - 305 = -8*c. Is c a composite number?
False
Suppose -28*c + 65001 = -67187. Is c a prime number?
True
Let f(b) = 9*b + 4. Let q(h) = -h**2 + 9*h + 4. Let g be q(9). Suppose g*c = 3*z - c - 23, 0 = -z + c + 7. Is f(z) composite?
True
Let y be (-1 - -7)*(-67)/(-2). Let m = y + 1. Is m prime?
False
Suppose -2*p = -3*j - 44992, 17*j + 22493 = p + 14*j. Is p prime?
False
Suppose 1579 = l - 3*s, 3*s = -l - 202 + 1757. Is l composite?
False
Let b(z) = -77*z**2 + 2. Let i be b(-3). Suppose -a - 475 = -1. Let t = a - i. Is t a composite number?
True
Suppose 0 = 6*x - 2*x - 280. Let z = x - 50. Let t = 57 - z. Is t composite?
False
Let s be ((-2)/4)/((-2)/308). Suppose -544 + 398 = -w. Let u = w + s. Is u composite?
False
Suppose 0 = 3*c - w - 8, c + 5*w = 8. Suppose -c*k + 0*k = p - 2429, 3*k = 5*p + 2417. Let z = k + -304. Is z composite?
True
Suppose 0 = -3*c - 9, 0*s - 14229 = -3*s - 4*c. Suppose -g + 786 = p - 402, 0 = 4*g + 5*p - s. Is g a prime number?
True
Let s = 3824 + -2413. Is s prime?
False
Suppose 0 = 4*z - 2*z - 138. Suppose 4*a = 5*a - 5. Suppose c = a*q - 2*c - 401, -q = 5*c - z. Is q composite?
False
Let s(p) = 22*p**3 + 4*p**2 + 8*p - 9. Let v(l) = -l**2. Let j(n) = s(n) + 6*v(n). Is j(4) a prime number?
True
Suppose 649 = -6*z + 5*z. Let p = -384 - z. Is p a composite number?
True
Let d = 508 + 53. Let j = -370 + d. Is j a prime number?
True
Let n(u) be the second derivative of u**4/3 + u**3 + 5*u**2/2 - 14*u. Suppose 1 = m + 2*h + 2, 5*m + h + 32 = 0. Is n(m) a composite number?
True
Is 58128 - (-13 + -4 + 8) composite?
True
Let w = -667 - -1348. Is w prime?
False
Is ((-32)/6 - (2 + -7))*-25989 a composite number?
False
Is (-4 - 0)/((-120)/7890) a composite number?
False
Is (-25)/((-325)/68887) - (5 + 1) composite?
True
Let l(k) = k**3 + 2*k**2 + 7*k + 4. Let n(j) = j**3 + 2*j**2 + 7*j + 3. Let c(z) = -4*l(z) + 5*n(z). Is c(6) composite?
True
Let i(a) = 16*a - 175. Is i(13) prime?
False
Let c be (4/(-5))/(4/20). Let f(i) = -38*i + 2. Let y be f(c). Suppose 3*u - 5*u = -y. Is u a composite number?
True
Is 79458/6 - 12 - -10 composite?
False
Let w be 24/(-36) - (2 + (-10)/6). Is 1 - w*(1 - -221) a composite number?
False
Let w be (614 - 1) + 1 + 44/(-22). Is (-2)/(w/614 - 1) prime?
False
Suppose -138587 = -3*d + 5*o, 2*d + o = -0*o + 92400. Is d a prime number?
True
Let i = -13513 + 35760. Is i composite?
False
Suppose 5*j - 1801 = -2*z, -3*z - 3*j + 2571 + 153 = 0. Is z composite?
True
Suppose 5*j + b - 1944 = 0, -82 - 698 = -2*j + 2*b. Suppose -j = -39*y + 38*y. Is y composite?
False
Is 36/42 + (-2609330)/(-70) a composite number?
False
Suppose 6*v - 2*v = -3*x - 2628, -5*x - 1300 = 2*v. Let p = 2059 - v. Is p composite?
False
Let r be (8292/(-48))/(1/(-52)). Suppose 2*l + 11*l = r. Is l prime?
True
Let v(r) = 18*r + 23*r - 4*r. Let g be (-14)/(-2)*(1 - 0). Is v(g) composite?
True
Let r be (4 + -5)*(-1 + 61). Let n = -196 - -87. Let y = r - n. Is y composite?
True
Let x(n) = n**3 + 5*n**2 + n - 1. Let y be x(-4). Let p(f) = -10*f + 7. Let q(s) = 19*s - 15. Let j(k) = -5*p(k) - 2*q(k). Is j(y) a prime number?
True
Is -3*(-6172)/48*4 prime?
True
Let i(p) be the second derivative of 53*p**4/24 - 11*p**3/6 + 3*p**2/2 - 3*p. Let d(x) be the first derivative of i(x). Is d(8) a composite number?
True
Let i(u) = -11 + 6 + 10*u**2 + 3*u + 0*u - 7. Is i(5) a prime number?
False
Let x(p) = -34*p**2 - p - 1. Let h(k) = -51*k**2 - 2*k - 1. Let n(o) = -5*h(o) + 8*x(o). Let f be n(-3). Let u = -59 - f. Is u composite?
False
Let k be (1/1)/(4/728). Suppose 2*b = k + 550. Let g = b - 155. Is g a prime number?
True
Suppose 3*p + y - 986 = 6*y, 0 = -2*y - 8. Suppose -6*d = -p - 440. Is d a composite number?
False
Suppose -4*o + 2*y + 301080 = 0, -13*y + 225817 = 3*o - 11*y. Is o a composite number?
True
Suppose -8*h = 6*h - 438298. Is h a composite number?
False
Suppose -84*z + 5464 = -80*z. Is z prime?
False
Suppose 6*y - 12 = 12. Suppose -5*g - 2*l + 470 = 0, -y*g - 5*l = g - 470. Is g prime?
False
Let k(j) = 5*j**3 + 3*j**2 - 12*j + 7. Is k(9) a prime number?
False
Suppose 28*c - 14*c = 10*c. Suppose u - 3042 + 463 = c. Is u a composite number?
False
Let o be ((-4)/(-6))/((-14)/(-63)). Suppose 5*a - 3*j = 2*a - 6, 0 = o*a + 4*j - 1. Is 22*((-28)/8)/a a prime number?
False
Let j(m) = 458*m - 30. Let o(g) = -229*g + 15. Let s(u) = -2*j(u) - 5*o(u). Is s(2) a prime number?
True
Suppose 4*b = -163 + 35. Let q = -22 - b. Is q a composite number?
True
Let n(s) = 12*s**3 + s**2 - s - 3. Let b be n(2). Let h = 18 + b. Is h prime?
True
Suppose 43 - 23 = 4*b. Let n(k) = k**3 - 5*k**2 + 9*k + 4. Is n(b) a composite number?
True
Let z = 12 + -8. Suppose -4*m = -3*i - 493, 0*m + 401 = 3*m + z*i. Is m a prime number?
True
Suppose 36*m = 20*m + 207376. Is m composite?
True
Suppose -a = -4*x - 3*a + 3870, -3*x - a + 2900 = 0. Suppose 5*t + 5*y = 1620, 0 = -t - 2*t + 4*y + x. Is t a prime number?
False
Is ((-2)/(-2))/(-10 + 28637/2863) composite?
False
Suppose 0 = -j + 9*j - 104. Let x(t) = 3*t**2 + 11*t + 33. Is x(j) composite?
False
Is 1/((-5)/((-5)/(-2)))*-6574 a prime number?
False
Let f = -248484 + 365765. Is f a composite number?
False
Let t(r) = -1094*r**3 + 5*r**2 - 9*r - 11. Is t(-3) composite?
False
Let g be (-1287)/(-130) - 2/(-20). Is (3 - 145)/(g/(-95)) a composite number?
True
Let l = -1640 + 3645. Is l a prime number?
False
Let h(a) = -a**3 + 2*a**2 + 2. Let p be h(2). Suppose -p*z + 529 = 3*j - 80, 192 = j - 3*z. Is j composite?
True
Let z be (-6)/33 - 2336/(-22). Let d(y) = 6*y - z*y + 2 + 1 + 0. Is d(-2) composite?
True
Let j(p) = 610*p - 137. Is j(5) prime?
False
Suppose -4*f - 3530 = -3*k + 553, -3*k + 4083 = -3*f. Is k a composite number?
False
Suppose -5*y + 163261 + 150779 = -5*f, f + 5 = 0. Is y composite?
True
Let h(s) = s**2 + 7*s + 5. Let j be h(-6). Is 58/((4/(-10) - 0)*j) prime?
False
Let a be ((-4)/18)/(-1) + 101145/(-135). Let o = a + 1080. Is o a prime number?
True
Is ((-4937274)/324)/(-1 - (-2)/4) prime?
False
Let u = 8 - 18. Let b = u - -41. Suppose -b = -3*z + 350. Is z a composite number?
False
Let z(g) = -81*g - 36. Let y be z(-24). Suppose 11*b = -y + 8871. Is b a prime number?
False
Suppose -k + k - 5*k = 0. Suppose 4*a = -16, k = -x + 2*a + 218 + 61. Is x a prime number?
True
Let i(q) = q + 8. Let n be i(-5). Suppose 102 = n*k + 9. Is k a composite number?
False
Suppose 0 = 3*y + 6*y - 1449. Suppose -x - 4*v + y = 0, 3*v - 483 = 4*x - 7*x. Is x composite?
True
Let g be -2 - (-2)/(-2 - -4). Is ((-914)/(-4) + 0/g)*2 prime?
True
Let b = -67 + 67. Suppose b = -5*q - 3*d + 654 + 143, 3*q - 467 = d. Is q prime?
True
Suppose 10*v - 6*v - 1036 = 0. Suppose 0*f = f - v. Is f a composite number?
True
Let r = 14005 + -7458. Let n = r - 4528. Is n a prime number?
False
Is -68*(-2588)/56 - 15/(-35) composite?
True
Suppose 5*a - 105 = -2*b + 7*b, 12 = 3*b. Suppose -a = 3*f - 4*n, -f + 0*n = -n + 7. Is -3 - ((f - -1) + -240) prime?
True
Suppose -5*r - 340 = -4*n - 0*n, 0 = 3*r + 3*n + 204. Suppose 10*d = 5*d + 3*k - 30, -2*d + k = 13. Let u = d - r. Is u a prime number?
True
Let o(p) = -p